{"id":7111,"date":"2016-09-23T09:08:19","date_gmt":"2016-09-23T09:08:19","guid":{"rendered":"http:\/\/www.intalent.udc.es\/salud\/"},"modified":"2023-02-02T16:08:12","modified_gmt":"2023-02-02T15:08:12","slug":"salud","status":"publish","type":"page","link":"https:\/\/www.intalent.udc.gal\/gl\/salud\/","title":{"rendered":"SA\u00daDE"},"content":{"rendered":"<p>[vc_row][vc_column][vc_empty_space][vc_row_inner][vc_column_inner width=&#8221;1\/2&#8243;][vc_custom_heading text=&#8221;Vida|activa e saudable&#8221; font_container=&#8221;tag:h2|font_size:45px|text_align:left|line_height:1&#8243; google_fonts=&#8221;font_family:Lato%3A100%2C100italic%2C300%2C300italic%2Cregular%2Citalic%2C700%2C700italic%2C900%2C900italic|font_style:300%20light%20regular%3A300%3Anormal&#8221; cms_custom_headding_type=&#8221;heading-underline-textbold&#8221; css=&#8221;.vc_custom_1476359895571{margin-bottom: 0px !important;}&#8221;][\/vc_column_inner][vc_column_inner width=&#8221;1\/2&#8243;][\/vc_column_inner][\/vc_row_inner][\/vc_column][\/vc_row][vc_row el_class=&#8221;p-140-cont pb-0&#8243; css=&#8221;.vc_custom_1440583825981{margin-bottom: 0px !important;}&#8221;][vc_column][vc_single_image image=&#8221;3855&#8243; img_size=&#8221;1264&#215;300&#8243; alignment=&#8221;center&#8221; vc_none_hover_effect=&#8221;&#8221; css=&#8221;.vc_custom_1474623562050{margin-bottom: 50px !important;}&#8221;][vc_row_inner][vc_column_inner width=&#8221;5\/6&#8243;][vc_column_text css=&#8221;.vc_custom_1476427759498{margin-top: 30px !important;margin-bottom: 0px !important;}&#8221;]A Coru\u00f1a e Ferrol contan con numerosos centros e hospitais de referencia.<\/p>\n<p>Contorno pioneiro en estimular estilos de vida sans e crear ambientes saudables, existen multitude de opci\u00f3ns e actividades que animan a un estilo de vida activo.[\/vc_column_text][vc_column_text]<\/p>\n<h2>\u00cdndice de Excelencia Hospitalaria<\/h2>\n<p>O Hospital Universitario da Coru\u00f1a \u00e9 o mellor hospital galego de acordo con esta clasificaci\u00f3n (IEH 2015),mentres que o Hospital Quir\u00f3n Coru\u00f1a ocupa o terceiro lugar.[\/vc_column_text][vc_column_text]<\/p>\n<div class=\"wpb_text_column wpb_content_element \">\n<div class=\"wpb_wrapper\">\n<h2>Rede Espa\u00f1ola de Universidades Saudables<\/h2>\n<p>A Universidade da Coru\u00f1a aprobou, na s\u00faa sesi\u00f3n do 28 de novembro de 2014, a adhesi\u00f3n da entidade acad\u00e9mica coru\u00f1esa \u00e1 Rede Espa\u00f1ola de Universidades Saudables.<\/p>\n<p><strong>Este compromiso implica que a UDC tivo que facer un proxecto de traballo que promove a sa\u00fade na cultura universitaria<\/strong>, nas s\u00faas pol\u00edticas institucionais, estrutura, procesos e plans de estudo, as\u00ed como a identificaci\u00f3n das necesidades da comunidade universitaria, \u00e1reas de traballo e estratexias de intervenci\u00f3n.<\/p>\n<\/div>\n<\/div>\n<p>[\/vc_column_text][vc_empty_space][\/vc_column_inner][vc_column_inner width=&#8221;1\/6&#8243;][vc_single_image image=&#8221;3826&#8243; img_size=&#8221;full&#8221; alignment=&#8221;center&#8221; vc_none_hover_effect=&#8221;&#8221;][\/vc_column_inner][\/vc_row_inner][\/vc_column][\/vc_row][vc_row][vc_column width=&#8221;1\/2&#8243;][vc_btn title=&#8221;Red Espa\u00f1ola de Universidades Saludables&#8221; color=&#8221;teal&#8221; align=&#8221;center&#8221; link=&#8221;url:https%3A%2F%2Fwww.unisaludables.es%2Fes%2F||target:%20_blank|&#8221;][\/vc_column][vc_column width=&#8221;1\/2&#8243;][vc_btn title=&#8221;UDC Saudable&#8221; color=&#8221;teal&#8221; align=&#8221;center&#8221; link=&#8221;url:https%3A%2F%2Fwww.udc.es%2Fgl%2Fudcsaudable%2F||target:%20_blank|&#8221;][\/vc_column][\/vc_row][vc_row][vc_column][vc_empty_space][\/vc_column][\/vc_row][vc_row row_mask_bg=&#8221;&#8221; row_arrow=&#8221;&#8221; css=&#8221;.vc_custom_1475610091118{background-color: #efefef !important;}&#8221;][vc_column][vc_empty_space][vc_column_text]<\/p>\n<p style=\"text-align: center;\"><span style=\"color: #e62686;\"><strong>Sistema sanitario<\/strong><\/span><\/p>\n<h3 style=\"text-align: center;\"><em>O sistema sanitario espa\u00f1ol est\u00e1 considerado como un dos mellor cualificados da Uni\u00f3n Europea. Existe, igualmente, unha variedade de seguros m\u00e9dicos privados xestionados por compa\u00f1\u00edas de reco\u00f1ecido prestixio.<\/em><\/h3>\n<p>[\/vc_column_text][vc_empty_space][\/vc_column][\/vc_row]<\/p>\n","protected":false},"excerpt":{"rendered":"<p>[vc_row][vc_column][vc_empty_space][vc_row_inner][vc_column_inner width=&#8221;1\/2&#8243;][vc_custom_heading text=&#8221;Vida|activa e saudable&#8221; font_container=&#8221;tag:h2|font_size:45px|text_align:left|line_height:1&#8243; google_fonts=&#8221;font_family:Lato%3A100%2C100italic%2C300%2C300italic%2Cregular%2Citalic%2C700%2C700italic%2C900%2C900italic|font_style:300%20light%20regular%3A300%3Anormal&#8221; cms_custom_headding_type=&#8221;heading-underline-textbold&#8221; css=&#8221;.vc_custom_1476359895571{margin-bottom: 0px !important;}&#8221;][\/vc_column_inner][vc_column_inner width=&#8221;1\/2&#8243;][\/vc_column_inner][\/vc_row_inner][\/vc_column][\/vc_row][vc_row el_class=&#8221;p-140-cont pb-0&#8243; css=&#8221;.vc_custom_1440583825981{margin-bottom: 0px !important;}&#8221;][vc_column][vc_single_image image=&#8221;3855&#8243; img_size=&#8221;1264&#215;300&#8243; alignment=&#8221;center&#8221; vc_none_hover_effect=&#8221;&#8221; css=&#8221;.vc_custom_1474623562050{margin-bottom: 50px !important;}&#8221;][vc_row_inner][vc_column_inner width=&#8221;5\/6&#8243;][vc_column_text<\/p>\n","protected":false},"author":1,"featured_media":0,"parent":0,"menu_order":0,"comment_status":"closed","ping_status":"closed","template":"","meta":{"footnotes":""},"_links":{"self":[{"href":"https:\/\/www.intalent.udc.gal\/gl\/wp-json\/wp\/v2\/pages\/7111"}],"collection":[{"href":"https:\/\/www.intalent.udc.gal\/gl\/wp-json\/wp\/v2\/pages"}],"about":[{"href":"https:\/\/www.intalent.udc.gal\/gl\/wp-json\/wp\/v2\/types\/page"}],"author":[{"embeddable":true,"href":"https:\/\/www.intalent.udc.gal\/gl\/wp-json\/wp\/v2\/users\/1"}],"replies":[{"embeddable":true,"href":"https:\/\/www.intalent.udc.gal\/gl\/wp-json\/wp\/v2\/comments?post=7111"}],"version-history":[{"count":2,"href":"https:\/\/www.intalent.udc.gal\/gl\/wp-json\/wp\/v2\/pages\/7111\/revisions"}],"predecessor-version":[{"id":7371,"href":"https:\/\/www.intalent.udc.gal\/gl\/wp-json\/wp\/v2\/pages\/7111\/revisions\/7371"}],"wp:attachment":[{"href":"https:\/\/www.intalent.udc.gal\/gl\/wp-json\/wp\/v2\/media?parent=7111"}],"curies":[{"name":"wp","href":"https:\/\/api.w.org\/{rel}","templated":true}]}}

SAÚDE

<p>[vc_row][vc_column][vc_empty_space][vc_row_inner][vc_column_inner width=&#8221;1/2&#8243;][vc_custom_heading text=&#8221;Vida|activa e saudable&#8221; font_container=&#8221;tag:h2|font_size:45px|text_align:left|line_height:1&#8243; google_fonts=&#8221;font_family:Lato%3A100%2C100italic%2C300%2C300italic%2Cregular%2Citalic%2C700%2C700italic%2C900%2C900italic|font_style:300%20light%20regular%3A300%3Anormal&#8221; cms_custom_headding_type=&#8221;heading-underline-textbold&#8221; css=&#8221;.vc_custom_1476359895571{margin-bottom: 0px !important;}&#8221;][/vc_column_inner][vc_column_inner width=&#8221;1/2&#8243;][/vc_column_inner][/vc_row_inner][/vc_column][/vc_row][vc_row el_class=&#8221;p-140-cont pb-0&#8243; css=&#8221;.vc_custom_1440583825981{margin-bottom: 0px !important;}&#8221;][vc_column][vc_single_image image=&#8221;3855&#8243; img_size=&#8221;1264&#215;300&#8243; alignment=&#8221;center&#8221; vc_none_hover_effect=&#8221;&#8221; css=&#8221;.vc_custom_1474623562050{margin-bottom: 50px !important;}&#8221;][vc_row_inner][vc_column_inner width=&#8221;5/6&#8243;][vc_column_text css=&#8221;.vc_custom_1476427759498{margin-top: 30px !important;margin-bottom: 0px !important;}&#8221;]A Coruña e Ferrol contan con numerosos centros e hospitais de referencia.</p>
<p>Contorno pioneiro en estimular estilos de vida sans e crear ambientes saudables, existen multitude de opcións e actividades que animan a un estilo de vida activo.[/vc_column_text][vc_column_text]</p>
<h2>Índice de Excelencia Hospitalaria</h2>
<p>O Hospital Universitario da Coruña é o mellor hospital galego de acordo con esta clasificación (IEH 2015),mentres que o Hospital Quirón Coruña ocupa o terceiro lugar.[/vc_column_text][vc_column_text]</p>
<div class="wpb_text_column wpb_content_element ">
<div class="wpb_wrapper">
<h2>Rede Española de Universidades Saudables</h2>
<p>A Universidade da Coruña aprobou, na súa sesión do 28 de novembro de 2014, a adhesión da entidade académica coruñesa á Rede Española de Universidades Saudables.</p>
<p><strong>Este compromiso implica que a UDC tivo que facer un proxecto de traballo que promove a saúde na cultura universitaria</strong>, nas súas políticas institucionais, estrutura, procesos e plans de estudo, así como a identificación das necesidades da comunidade universitaria, áreas de traballo e estratexias de intervención.</p>
</div>
</div>
<p>[/vc_column_text][vc_empty_space][/vc_column_inner][vc_column_inner width=&#8221;1/6&#8243;][vc_single_image image=&#8221;3826&#8243; img_size=&#8221;full&#8221; alignment=&#8221;center&#8221; vc_none_hover_effect=&#8221;&#8221;][/vc_column_inner][/vc_row_inner][/vc_column][/vc_row][vc_row][vc_column width=&#8221;1/2&#8243;][vc_btn title=&#8221;Red Española de Universidades Saludables&#8221; color=&#8221;teal&#8221; align=&#8221;center&#8221; link=&#8221;url:https%3A%2F%2Fwww.unisaludables.es%2Fes%2F||target:%20_blank|&#8221;][/vc_column][vc_column width=&#8221;1/2&#8243;][vc_btn title=&#8221;UDC Saudable&#8221; color=&#8221;teal&#8221; align=&#8221;center&#8221; link=&#8221;url:https%3A%2F%2Fwww.udc.es%2Fgl%2Fudcsaudable%2F||target:%20_blank|&#8221;][/vc_column][/vc_row][vc_row][vc_column][vc_empty_space][/vc_column][/vc_row][vc_row row_mask_bg=&#8221;&#8221; row_arrow=&#8221;&#8221; css=&#8221;.vc_custom_1475610091118{background-color: #efefef !important;}&#8221;][vc_column][vc_empty_space][vc_column_text]</p>
<p style="text-align: center;"><span style="color: #e62686;"><strong>Sistema sanitario</strong></span></p>
<h3 style="text-align: center;"><em>O sistema sanitario español está considerado como un dos mellor cualificados da Unión Europea. Existe, igualmente, unha variedade de seguros médicos privados xestionados por compañías de recoñecido prestixio.</em></h3>
<p>[/vc_column_text][vc_empty_space][/vc_column][/vc_row]</p>
