{"id":7112,"date":"2016-09-22T21:54:12","date_gmt":"2016-09-22T21:54:12","guid":{"rendered":"http:\/\/www.intalent.udc.es\/ramon-y-cajal\/"},"modified":"2023-03-29T13:08:12","modified_gmt":"2023-03-29T11:08:12","slug":"ramon-y-cajal","status":"publish","type":"page","link":"https:\/\/www.intalent.udc.gal\/gl\/ramon-y-cajal\/","title":{"rendered":"RAM\u00d3N Y CAJAL"},"content":{"rendered":"<p>[vc_row][vc_column][vc_empty_space][\/vc_column][\/vc_row][vc_row][vc_column width=&#8221;1\/2&#8243;][vc_custom_heading text=&#8221;Incorporaci\u00f3n|de investigadores&#8221; font_container=&#8221;tag:h2|font_size:45px|text_align:left|line_height:1&#8243; google_fonts=&#8221;font_family:Lato%3A100%2C100italic%2C300%2C300italic%2Cregular%2Citalic%2C700%2C700italic%2C900%2C900italic|font_style:300%20light%20regular%3A300%3Anormal&#8221; cms_custom_headding_type=&#8221;heading-underline-textbold&#8221; css=&#8221;.vc_custom_1474633909231{margin-bottom: 0px !important;}&#8221;][vc_column_text css=&#8221;.vc_custom_1476359660232{margin-top: 30px !important;margin-bottom: 0px !important;}&#8221;]As <span style=\"color: #e62686;\">axudas para contratos<\/span> Ram\u00f3n y Cajal, do Programa Estatal de Promoci\u00f3n do Talento e a s\u00faa Empregabilidade en I+D+i, van dirixidas a promover a incorporaci\u00f3n de investigadores nacionais e estranxeiros cunha traxectoria destacada en centros de I+D mediante, por unha parte, a concesi\u00f3n de axudas para a s\u00faa contrataci\u00f3n laboral e, por outra parte, a concesi\u00f3n de axudas para a creaci\u00f3n de postos de traballo de car\u00e1cter permanente para a s\u00faa posterior incorporaci\u00f3n nos axentes do Sistema Espa\u00f1ol de Ciencia, Tecnolox\u00eda e Innovaci\u00f3n beneficiarios destas axudas.<\/p>\n<p>A selecci\u00f3n fundam\u00e9ntase nun rigoroso proceso de concorrencia competitiva dos candidatos con base nos seus m\u00e9ritos curriculares e na s\u00faa capacidade para liderar unha li\u00f1a de investigaci\u00f3n, en funci\u00f3n da experiencia cient\u00edfica e profesional, as\u00ed como da independencia da s\u00faa traxectoria.[\/vc_column_text][vc_empty_space][vc_btn title=&#8221;M\u00e1is&#8221; color=&#8221;teal&#8221; link=&#8221;url:http%3A%2F%2Fwww.idi.mineco.gob.es%2Fportal%2Fsite%2FMICINN%2Fmenuitem.dbc68b34d11ccbd5d52ffeb801432ea0%2F%3Fvgnextoid%3D2f48fc4a1003f510VgnVCM1000001d04140aRCRD%26vgnextchannel%3D67a04939e6b42410VgnVCM1000001d04140aRCRD||target:%20_blank|&#8221;][\/vc_column][vc_column width=&#8221;1\/2&#8243;][vc_single_image image=&#8221;5208&#8243; img_size=&#8221;full&#8221; vc_none_hover_effect=&#8221;&#8221;][\/vc_column][vc_column][vc_single_image image=&#8221;7084&#8243; img_size=&#8221;full&#8221; alignment=&#8221;center&#8221; onclick=&#8221;custom_link&#8221; vc_none_hover_effect=&#8221;&#8221; link=&#8221;mailto:intalent@udc.es&#8221;][\/vc_column][\/vc_row]<\/p>\n","protected":false},"excerpt":{"rendered":"<p>[vc_row][vc_column][vc_empty_space][\/vc_column][\/vc_row][vc_row][vc_column width=&#8221;1\/2&#8243;][vc_custom_heading text=&#8221;Incorporaci\u00f3n|de investigadores&#8221; font_container=&#8221;tag:h2|font_size:45px|text_align:left|line_height:1&#8243; google_fonts=&#8221;font_family:Lato%3A100%2C100italic%2C300%2C300italic%2Cregular%2Citalic%2C700%2C700italic%2C900%2C900italic|font_style:300%20light%20regular%3A300%3Anormal&#8221; cms_custom_headding_type=&#8221;heading-underline-textbold&#8221; css=&#8221;.vc_custom_1474633909231{margin-bottom: 0px !important;}&#8221;][vc_column_text css=&#8221;.vc_custom_1476359660232{margin-top: 30px !important;margin-bottom: 0px !important;}&#8221;]As axudas para contratos Ram\u00f3n y Cajal, do Programa Estatal de<\/p>\n","protected":false},"author":1,"featured_media":7113,"parent":0,"menu_order":0,"comment_status":"closed","ping_status":"closed","template":"","meta":{"footnotes":""},"_links":{"self":[{"href":"https:\/\/www.intalent.udc.gal\/gl\/wp-json\/wp\/v2\/pages\/7112"}],"collection":[{"href":"https:\/\/www.intalent.udc.gal\/gl\/wp-json\/wp\/v2\/pages"}],"about":[{"href":"https:\/\/www.intalent.udc.gal\/gl\/wp-json\/wp\/v2\/types\/page"}],"author":[{"embeddable":true,"href":"https:\/\/www.intalent.udc.gal\/gl\/wp-json\/wp\/v2\/users\/1"}],"replies":[{"embeddable":true,"href":"https:\/\/www.intalent.udc.gal\/gl\/wp-json\/wp\/v2\/comments?post=7112"}],"version-history":[{"count":2,"href":"https:\/\/www.intalent.udc.gal\/gl\/wp-json\/wp\/v2\/pages\/7112\/revisions"}],"predecessor-version":[{"id":9041,"href":"https:\/\/www.intalent.udc.gal\/gl\/wp-json\/wp\/v2\/pages\/7112\/revisions\/9041"}],"wp:featuredmedia":[{"embeddable":true,"href":"https:\/\/www.intalent.udc.gal\/gl\/wp-json\/wp\/v2\/media\/7113"}],"wp:attachment":[{"href":"https:\/\/www.intalent.udc.gal\/gl\/wp-json\/wp\/v2\/media?parent=7112"}],"curies":[{"name":"wp","href":"https:\/\/api.w.org\/{rel}","templated":true}]}}

RAMÓN Y CAJAL

<p>[vc_row][vc_column][vc_empty_space][/vc_column][/vc_row][vc_row][vc_column width=&#8221;1/2&#8243;][vc_custom_heading text=&#8221;Incorporación|de investigadores&#8221; font_container=&#8221;tag:h2|font_size:45px|text_align:left|line_height:1&#8243; google_fonts=&#8221;font_family:Lato%3A100%2C100italic%2C300%2C300italic%2Cregular%2Citalic%2C700%2C700italic%2C900%2C900italic|font_style:300%20light%20regular%3A300%3Anormal&#8221; cms_custom_headding_type=&#8221;heading-underline-textbold&#8221; css=&#8221;.vc_custom_1474633909231{margin-bottom: 0px !important;}&#8221;][vc_column_text css=&#8221;.vc_custom_1476359660232{margin-top: 30px !important;margin-bottom: 0px !important;}&#8221;]As <span style="color: #e62686;">axudas para contratos</span> Ramón y Cajal, do Programa Estatal de Promoción do Talento e a súa Empregabilidade en I+D+i, van dirixidas a promover a incorporación de investigadores nacionais e estranxeiros cunha traxectoria destacada en centros de I+D mediante, por unha parte, a concesión de axudas para a súa contratación laboral e, por outra parte, a concesión de axudas para a creación de postos de traballo de carácter permanente para a súa posterior incorporación nos axentes do Sistema Español de Ciencia, Tecnoloxía e Innovación beneficiarios destas axudas.</p>
<p>A selección fundaméntase nun rigoroso proceso de concorrencia competitiva dos candidatos con base nos seus méritos curriculares e na súa capacidade para liderar unha liña de investigación, en función da experiencia científica e profesional, así como da independencia da súa traxectoria.[/vc_column_text][vc_empty_space][vc_btn title=&#8221;Máis&#8221; color=&#8221;teal&#8221; link=&#8221;url:http%3A%2F%2Fwww.idi.mineco.gob.es%2Fportal%2Fsite%2FMICINN%2Fmenuitem.dbc68b34d11ccbd5d52ffeb801432ea0%2F%3Fvgnextoid%3D2f48fc4a1003f510VgnVCM1000001d04140aRCRD%26vgnextchannel%3D67a04939e6b42410VgnVCM1000001d04140aRCRD||target:%20_blank|&#8221;][/vc_column][vc_column width=&#8221;1/2&#8243;][vc_single_image image=&#8221;5208&#8243; img_size=&#8221;full&#8221; vc_none_hover_effect=&#8221;&#8221;][/vc_column][vc_column][vc_single_image image=&#8221;7084&#8243; img_size=&#8221;full&#8221; alignment=&#8221;center&#8221; onclick=&#8221;custom_link&#8221; vc_none_hover_effect=&#8221;&#8221; link=&#8221;mailto:intalent@udc.es&#8221;][/vc_column][/vc_row]</p>

<p>[vc_row][vc_column][vc_empty_space][/vc_column][/vc_row][vc_row][vc_column width=&#8221;1/2&#8243;][vc_custom_heading text=&#8221;Incorporación|de investigadores&#8221; font_container=&#8221;tag:h2|font_size:45px|text_align:left|line_height:1&#8243; google_fonts=&#8221;font_family:Lato%3A100%2C100italic%2C300%2C300italic%2Cregular%2Citalic%2C700%2C700italic%2C900%2C900italic|font_style:300%20light%20regular%3A300%3Anormal&#8221; cms_custom_headding_type=&#8221;heading-underline-textbold&#8221; css=&#8221;.vc_custom_1474633909231{margin-bottom: 0px !important;}&#8221;][vc_column_text css=&#8221;.vc_custom_1476359660232{margin-top: 30px !important;margin-bottom: 0px !important;}&#8221;]As axudas para contratos Ramón y Cajal, do Programa Estatal de</p>
