{"id":7117,"date":"2016-09-23T08:49:06","date_gmt":"2016-09-23T08:49:06","guid":{"rendered":"http:\/\/www.intalent.udc.es\/naturaleza-clima\/"},"modified":"2016-09-23T08:49:06","modified_gmt":"2016-09-23T08:49:06","slug":"naturaleza-clima","status":"publish","type":"page","link":"https:\/\/www.intalent.udc.gal\/gl\/naturaleza-clima\/","title":{"rendered":"NATUREZA &#038; CLIMA"},"content":{"rendered":"<p>[vc_row][vc_column][vc_empty_space][vc_row_inner][vc_column_inner width=&#8221;1\/2&#8243;][vc_custom_heading text=&#8221;Riqueza|natural&#8221; font_container=&#8221;tag:h2|font_size:45px|text_align:left|line_height:1&#8243; google_fonts=&#8221;font_family:Lato%3A100%2C100italic%2C300%2C300italic%2Cregular%2Citalic%2C700%2C700italic%2C900%2C900italic|font_style:300%20light%20regular%3A300%3Anormal&#8221; cms_custom_headding_type=&#8221;heading-underline-textbold&#8221; css=&#8221;.vc_custom_1474620319584{margin-bottom: 0px !important;}&#8221;][\/vc_column_inner][vc_column_inner width=&#8221;1\/2&#8243;][\/vc_column_inner][\/vc_row_inner][\/vc_column][\/vc_row][vc_row el_class=&#8221;p-140-cont pb-0&#8243; css=&#8221;.vc_custom_1440583825981{margin-bottom: 0px !important;}&#8221;][vc_column][vc_single_image image=&#8221;3842&#8243; img_size=&#8221;1264&#215;300&#8243; alignment=&#8221;center&#8221; vc_none_hover_effect=&#8221;&#8221; css=&#8221;.vc_custom_1474623865382{margin-bottom: 50px !important;}&#8221;][vc_row_inner][vc_column_inner width=&#8221;5\/6&#8243;][vc_column_text css=&#8221;.vc_custom_1476357200750{margin-top: 30px !important;margin-bottom: 0px !important;}&#8221;]Con varios quil\u00f3metros de praias que percorren a costa de ambas as poboaci\u00f3ns; o paseo mar\u00edtimo da Coru\u00f1a, considerado o m\u00e1is longo de Europa; fermosos parques e pequenas prazas para a contemplaci\u00f3n ou o lecer; carril-bici\u2026[\/vc_column_text][\/vc_column_inner][vc_column_inner width=&#8221;1\/6&#8243;][vc_single_image image=&#8221;3829&#8243; img_size=&#8221;full&#8221; alignment=&#8221;center&#8221; vc_none_hover_effect=&#8221;&#8221;][\/vc_column_inner][\/vc_row_inner][\/vc_column][\/vc_row][vc_row][vc_column width=&#8221;1\/2&#8243;][vc_column_text]<\/p>\n<h2>A Coru\u00f1a, parques e praias que rodean a cidade<\/h2>\n<p>Co\u00f1ece a cidade paseando, pedaleando polo carril-bici ou correndo a trav\u00e9s do paseo mar\u00edtimo, o m\u00e1is longo de Europa con m\u00e1is de 10 quil\u00f3metros de percorrido. P\u00e9rdete nos seus m\u00e1is de dous quil\u00f3metros de praia na cidade.[\/vc_column_text][vc_btn title=&#8221;M\u00e1is&#8221; color=&#8221;teal&#8221; link=&#8221;url:http%3A%2F%2Fwww.turismocoruna.com%2Fweb%2FcorTurServer.php%3FidSecweb%3D239%26id_secPadre%3D217||target:%20_blank|&#8221;][\/vc_column][vc_column width=&#8221;1\/2&#8243;][vc_column_text]<\/p>\n<h2>Ferrol, acantilados de visita obrigada<\/h2>\n<p>Ferrol, tanto dentro do propio municipio como en municipios pr\u00f3ximos, disp\u00f3n dunha enorme diversidade de espazos naturais que fan da zona un lugar ideal para gozar da natureza e da paisaxe \u00fanica do norte de Galicia. Ademais das praias, tanto de r\u00eda como de mar aberto, na zona poderemos gozar de lagoas, bosques e acantilados espectaculares de visita obrigada e inesquecible.[\/vc_column_text][vc_btn title=&#8221;M\u00e1is&#8221; color=&#8221;teal&#8221; link=&#8221;url:http%3A%2F%2Fturferrol.com%2Fnaturaleza.asp||target:%20_blank|&#8221;][\/vc_column][\/vc_row][vc_row][vc_column][vc_empty_space][\/vc_column][\/vc_row][vc_row][vc_column width=&#8221;1\/4&#8243;][vc_single_image image=&#8221;4065&#8243; img_size=&#8221;400&#215;250&#8243; vc_none_hover_effect=&#8221;&#8221;][\/vc_column][vc_column width=&#8221;1\/4&#8243;][vc_single_image image=&#8221;4064&#8243; img_size=&#8221;400&#215;250&#8243; vc_none_hover_effect=&#8221;&#8221;][\/vc_column][vc_column width=&#8221;1\/4&#8243;][vc_single_image image=&#8221;4069&#8243; img_size=&#8221;400&#215;250&#8243; vc_none_hover_effect=&#8221;&#8221;][\/vc_column][vc_column width=&#8221;1\/4&#8243;][vc_single_image image=&#8221;4068&#8243; img_size=&#8221;400&#215;250&#8243; vc_none_hover_effect=&#8221;&#8221;][\/vc_column][\/vc_row][vc_row][vc_column][vc_empty_space][\/vc_column][\/vc_row][vc_row row_mask_bg=&#8221;&#8221; row_arrow=&#8221;&#8221; css=&#8221;.vc_custom_1475616929045{background-color: #efefef !important;}&#8221;][vc_column][vc_empty_space][vc_row_inner][vc_column_inner width=&#8221;1\/4&#8243;][vc_custom_heading text=&#8221;Clima|suave&#8221; font_container=&#8221;tag:h2|font_size:45px|text_align:left|line_height:1&#8243; google_fonts=&#8221;font_family:Lato%3A100%2C100italic%2C300%2C300italic%2Cregular%2Citalic%2C700%2C700italic%2C900%2C900italic|font_style:300%20light%20regular%3A300%3Anormal&#8221; cms_custom_headding_type=&#8221;heading-underline-textbold&#8221; css=&#8221;.vc_custom_1475616835091{margin-bottom: 0px !important;}&#8221;][\/vc_column_inner][vc_column_inner width=&#8221;3\/4&#8243;][vc_column_text]O clima oce\u00e1nico da zona mant\u00e9n as temperaturas suaves todo o ano, a s\u00faa influencia mediterr\u00e1nea provoca un m\u00ednimo de precipitaci\u00f3ns en ver\u00e1n.<\/p>\n<p>Ao tratarse dunha zona costeira, ten un clima mar\u00edtimo que impide que exista unha gran diferenza de temperatura entre as distintas estaci\u00f3ns do ano. Os invernos son suaves e os ver\u00e1ns mornos, e prod\u00facense precipitaci\u00f3ns combinadas con tempadas de sol.[\/vc_column_text][\/vc_column_inner][\/vc_row_inner][vc_empty_space][\/vc_column][\/vc_row][vc_row][vc_column][vc_empty_space][\/vc_column][\/vc_row]<\/p>\n","protected":false},"excerpt":{"rendered":"<p>[vc_row][vc_column][vc_empty_space][vc_row_inner][vc_column_inner width=&#8221;1\/2&#8243;][vc_custom_heading text=&#8221;Riqueza|natural&#8221; font_container=&#8221;tag:h2|font_size:45px|text_align:left|line_height:1&#8243; google_fonts=&#8221;font_family:Lato%3A100%2C100italic%2C300%2C300italic%2Cregular%2Citalic%2C700%2C700italic%2C900%2C900italic|font_style:300%20light%20regular%3A300%3Anormal&#8221; cms_custom_headding_type=&#8221;heading-underline-textbold&#8221; css=&#8221;.vc_custom_1474620319584{margin-bottom: 0px !important;}&#8221;][\/vc_column_inner][vc_column_inner width=&#8221;1\/2&#8243;][\/vc_column_inner][\/vc_row_inner][\/vc_column][\/vc_row][vc_row el_class=&#8221;p-140-cont pb-0&#8243; css=&#8221;.vc_custom_1440583825981{margin-bottom: 0px !important;}&#8221;][vc_column][vc_single_image image=&#8221;3842&#8243; img_size=&#8221;1264&#215;300&#8243; alignment=&#8221;center&#8221; vc_none_hover_effect=&#8221;&#8221; css=&#8221;.vc_custom_1474623865382{margin-bottom: 50px !important;}&#8221;][vc_row_inner][vc_column_inner width=&#8221;5\/6&#8243;][vc_column_text css=&#8221;.vc_custom_1476357200750{margin-top: 30px<\/p>\n","protected":false},"author":1,"featured_media":0,"parent":0,"menu_order":0,"comment_status":"closed","ping_status":"closed","template":"","meta":{"footnotes":""},"_links":{"self":[{"href":"https:\/\/www.intalent.udc.gal\/gl\/wp-json\/wp\/v2\/pages\/7117"}],"collection":[{"href":"https:\/\/www.intalent.udc.gal\/gl\/wp-json\/wp\/v2\/pages"}],"about":[{"href":"https:\/\/www.intalent.udc.gal\/gl\/wp-json\/wp\/v2\/types\/page"}],"author":[{"embeddable":true,"href":"https:\/\/www.intalent.udc.gal\/gl\/wp-json\/wp\/v2\/users\/1"}],"replies":[{"embeddable":true,"href":"https:\/\/www.intalent.udc.gal\/gl\/wp-json\/wp\/v2\/comments?post=7117"}],"version-history":[{"count":0,"href":"https:\/\/www.intalent.udc.gal\/gl\/wp-json\/wp\/v2\/pages\/7117\/revisions"}],"wp:attachment":[{"href":"https:\/\/www.intalent.udc.gal\/gl\/wp-json\/wp\/v2\/media?parent=7117"}],"curies":[{"name":"wp","href":"https:\/\/api.w.org\/{rel}","templated":true}]}}

<p>[vc_row][vc_column][vc_empty_space][vc_row_inner][vc_column_inner width=&#8221;1/2&#8243;][vc_custom_heading text=&#8221;Riqueza|natural&#8221; font_container=&#8221;tag:h2|font_size:45px|text_align:left|line_height:1&#8243; google_fonts=&#8221;font_family:Lato%3A100%2C100italic%2C300%2C300italic%2Cregular%2Citalic%2C700%2C700italic%2C900%2C900italic|font_style:300%20light%20regular%3A300%3Anormal&#8221; cms_custom_headding_type=&#8221;heading-underline-textbold&#8221; css=&#8221;.vc_custom_1474620319584{margin-bottom: 0px !important;}&#8221;][/vc_column_inner][vc_column_inner width=&#8221;1/2&#8243;][/vc_column_inner][/vc_row_inner][/vc_column][/vc_row][vc_row el_class=&#8221;p-140-cont pb-0&#8243; css=&#8221;.vc_custom_1440583825981{margin-bottom: 0px !important;}&#8221;][vc_column][vc_single_image image=&#8221;3842&#8243; img_size=&#8221;1264&#215;300&#8243; alignment=&#8221;center&#8221; vc_none_hover_effect=&#8221;&#8221; css=&#8221;.vc_custom_1474623865382{margin-bottom: 50px !important;}&#8221;][vc_row_inner][vc_column_inner width=&#8221;5/6&#8243;][vc_column_text css=&#8221;.vc_custom_1476357200750{margin-top: 30px !important;margin-bottom: 0px !important;}&#8221;]Con varios quilómetros de praias que percorren a costa de ambas as poboacións; o paseo marítimo da Coruña, considerado o máis longo de Europa; fermosos parques e pequenas prazas para a contemplación ou o lecer; carril-bici…[/vc_column_text][/vc_column_inner][vc_column_inner width=&#8221;1/6&#8243;][vc_single_image image=&#8221;3829&#8243; img_size=&#8221;full&#8221; alignment=&#8221;center&#8221; vc_none_hover_effect=&#8221;&#8221;][/vc_column_inner][/vc_row_inner][/vc_column][/vc_row][vc_row][vc_column width=&#8221;1/2&#8243;][vc_column_text]</p>
<h2>A Coruña, parques e praias que rodean a cidade</h2>
<p>Coñece a cidade paseando, pedaleando polo carril-bici ou correndo a través do paseo marítimo, o máis longo de Europa con máis de 10 quilómetros de percorrido. Pérdete nos seus máis de dous quilómetros de praia na cidade.[/vc_column_text][vc_btn title=&#8221;Máis&#8221; color=&#8221;teal&#8221; link=&#8221;url:http%3A%2F%2Fwww.turismocoruna.com%2Fweb%2FcorTurServer.php%3FidSecweb%3D239%26id_secPadre%3D217||target:%20_blank|&#8221;][/vc_column][vc_column width=&#8221;1/2&#8243;][vc_column_text]</p>
<h2>Ferrol, acantilados de visita obrigada</h2>
<p>Ferrol, tanto dentro do propio municipio como en municipios próximos, dispón dunha enorme diversidade de espazos naturais que fan da zona un lugar ideal para gozar da natureza e da paisaxe única do norte de Galicia. Ademais das praias, tanto de ría como de mar aberto, na zona poderemos gozar de lagoas, bosques e acantilados espectaculares de visita obrigada e inesquecible.[/vc_column_text][vc_btn title=&#8221;Máis&#8221; color=&#8221;teal&#8221; link=&#8221;url:http%3A%2F%2Fturferrol.com%2Fnaturaleza.asp||target:%20_blank|&#8221;][/vc_column][/vc_row][vc_row][vc_column][vc_empty_space][/vc_column][/vc_row][vc_row][vc_column width=&#8221;1/4&#8243;][vc_single_image image=&#8221;4065&#8243; img_size=&#8221;400&#215;250&#8243; vc_none_hover_effect=&#8221;&#8221;][/vc_column][vc_column width=&#8221;1/4&#8243;][vc_single_image image=&#8221;4064&#8243; img_size=&#8221;400&#215;250&#8243; vc_none_hover_effect=&#8221;&#8221;][/vc_column][vc_column width=&#8221;1/4&#8243;][vc_single_image image=&#8221;4069&#8243; img_size=&#8221;400&#215;250&#8243; vc_none_hover_effect=&#8221;&#8221;][/vc_column][vc_column width=&#8221;1/4&#8243;][vc_single_image image=&#8221;4068&#8243; img_size=&#8221;400&#215;250&#8243; vc_none_hover_effect=&#8221;&#8221;][/vc_column][/vc_row][vc_row][vc_column][vc_empty_space][/vc_column][/vc_row][vc_row row_mask_bg=&#8221;&#8221; row_arrow=&#8221;&#8221; css=&#8221;.vc_custom_1475616929045{background-color: #efefef !important;}&#8221;][vc_column][vc_empty_space][vc_row_inner][vc_column_inner width=&#8221;1/4&#8243;][vc_custom_heading text=&#8221;Clima|suave&#8221; font_container=&#8221;tag:h2|font_size:45px|text_align:left|line_height:1&#8243; google_fonts=&#8221;font_family:Lato%3A100%2C100italic%2C300%2C300italic%2Cregular%2Citalic%2C700%2C700italic%2C900%2C900italic|font_style:300%20light%20regular%3A300%3Anormal&#8221; cms_custom_headding_type=&#8221;heading-underline-textbold&#8221; css=&#8221;.vc_custom_1475616835091{margin-bottom: 0px !important;}&#8221;][/vc_column_inner][vc_column_inner width=&#8221;3/4&#8243;][vc_column_text]O clima oceánico da zona mantén as temperaturas suaves todo o ano, a súa influencia mediterránea provoca un mínimo de precipitacións en verán.</p>
<p>Ao tratarse dunha zona costeira, ten un clima marítimo que impide que exista unha gran diferenza de temperatura entre as distintas estacións do ano. Os invernos son suaves e os veráns mornos, e prodúcense precipitacións combinadas con tempadas de sol.[/vc_column_text][/vc_column_inner][/vc_row_inner][vc_empty_space][/vc_column][/vc_row][vc_row][vc_column][vc_empty_space][/vc_column][/vc_row]</p>
