{"id":8823,"date":"2023-02-15T12:17:55","date_gmt":"2023-02-15T11:17:55","guid":{"rendered":"https:\/\/www.intalent.udc.gal\/?page_id=8823"},"modified":"2023-03-29T12:52:25","modified_gmt":"2023-03-29T10:52:25","slug":"juan-manuel-bermudez-garcia","status":"publish","type":"page","link":"https:\/\/www.intalent.udc.gal\/gl\/investigadores\/juan-manuel-bermudez-garcia\/","title":{"rendered":"Juan Manuel Berm\u00fadez Garc\u00eda"},"content":{"rendered":"<p>[vc_row row_mask_bg=&#8221;&#8221; row_arrow=&#8221;&#8221; el_class=&#8221;p-140-cont pb-0&#8243; css=&#8221;.vc_custom_1494861745759{margin-top: 0px !important;margin-bottom: 0px !important;}&#8221;][vc_column width=&#8221;1\/2&#8243;][vc_custom_heading text=&#8221;Juan Manuel Berm\u00fadez Garc\u00eda&#8221; font_container=&#8221;tag:h2|font_size:45px|text_align:left|line_height:1&#8243; google_fonts=&#8221;font_family:Lato%3A100%2C100italic%2C300%2C300italic%2Cregular%2Citalic%2C700%2C700italic%2C900%2C900italic|font_style:300%20light%20regular%3A300%3Anormal&#8221; cms_custom_headding_type=&#8221;heading-borderleft-textbold&#8221; css=&#8221;.vc_custom_1675265842375{margin-bottom: 0px !important;}&#8221;][\/vc_column][vc_column width=&#8221;1\/2&#8243;][\/vc_column][\/vc_row][vc_row el_class=&#8221;p-140-cont pb-0&#8243; css=&#8221;.vc_custom_1440603786345{margin-bottom: 100px !important;background-color: #ffffff !important;}&#8221;][vc_column][vc_empty_space height=&#8221;15px&#8221;][vc_row_inner equal_height=&#8221;yes&#8221; content_placement=&#8221;middle&#8221; cms_row_inner_overflow=&#8221;&#8221;][vc_column_inner width=&#8221;1\/4&#8243;][vc_single_image image=&#8221;8879&#8243; img_size=&#8221;full&#8221; alignment=&#8221;center&#8221; vc_none_hover_effect=&#8221;&#8221;][vc_column_text css=&#8221;.vc_custom_1680087110272{margin-left: 35px !important;padding-left: 25% !important;}&#8221;]<a href=\"https:\/\/www.linkedin.com\/in\/jmbermudezgarcia\/\"><img loading=\"lazy\" decoding=\"async\" class=\"wp-image-5465 size-full alignleft\" src=\"https:\/\/www.intalent.udc.es\/wp-content\/uploads\/2017\/05\/linkedin-1.png\" alt=\"\" width=\"56\" height=\"56\" \/><\/a>[\/vc_column_text][vc_empty_space height=&#8221;15px&#8221;][vc_empty_space height=&#8221;30px&#8221;][\/vc_column_inner][vc_column_inner width=&#8221;1\/12&#8243; offset=&#8221;vc_hidden-xs&#8221;][\/vc_column_inner][vc_column_inner width=&#8221;2\/3&#8243;][vc_column_text]Juan Manuel Berm\u00fadez Garc\u00eda, Licenciado en Qu\u00edmica pola Universidade de Granada, conta cun M\u00e1ster en Ciencias, Tecnolox\u00eda e Xesti\u00f3n Ambiental e un Doutoramento en Qu\u00edmica Ambiental e Fundamental, ambos pola Universidade da Coru\u00f1a.<\/p>\n<p>&nbsp;<\/p>\n<p>Durante a s\u00faa carreira investigadora Juan Manuel realizou estancias en reco\u00f1ecidos centros de prestixio internacional, como a Universidade de Oxford (UK) ou a Universidade de Cambridge (UK). Ademais, participou en experimentos realizados en grandes instalaci\u00f3ns, como Os Alamos National Laboratory (NM, USA).<\/p>\n<p>&nbsp;<\/p>\n<p>A s\u00faa investigaci\u00f3n c\u00e9ntrase no desenvolvemento de novos termomateriales s\u00f3lidos para sistemas de refrixeraci\u00f3n e calefacci\u00f3n con baixas emisi\u00f3ns de gases de efecto invernadoiro, a cal xa foi reco\u00f1ecida con galard\u00f3ns da Real Academia Galega de Ciencias e de grupos especializados da Real Sociedade Espa\u00f1ola de Qu\u00edmica.<\/p>\n<p>&nbsp;<\/p>\n<p>O investigador tam\u00e9n ten unha ampla formaci\u00f3n en emprendemento e transferencia, sendo alumni do exclusivo programa Impulse da Universidade de Cambridge (UK) e representando \u00e1 Universidade da Coru\u00f1a como finalista na <em>Emerging Technologies Competition da Royal Society of Chemistry.<\/em><\/p>\n<p>&nbsp;<\/p>\n<p>Juan Manuel tam\u00e9n \u00e9 moi activo en divulgaci\u00f3n cient\u00edfica, colaborando en medios nacionais e internacionais, como a revista C&amp;EN, Chemistry World, Business Insider, ou o programa \u00d3rbita Laika. Ademais, dirixe a canle de divulgaci\u00f3n \u201c@thermogramer&#8221; en redes, e apareceu recurrentemente en prensa, radio, e televisi\u00f3n.[\/vc_column_text][\/vc_column_inner][vc_column_inner][vc_empty_space height=&#8221;15px&#8221;][\/vc_column_inner][\/vc_row_inner][\/vc_column][\/vc_row][vc_row row_mask_bg=&#8221;&#8221; row_arrow=&#8221;&#8221; css=&#8221;.vc_custom_1494861130580{background-color: #f4f4f4 !important;}&#8221;][vc_column][vc_empty_space height=&#8221;15px&#8221;][vc_empty_space height=&#8221;15px&#8221;][vc_row_inner][vc_column_inner width=&#8221;1\/2&#8243;][vc_custom_heading text=&#8221;Proxecto&#8221; font_container=&#8221;tag:h3|font_size:35px|text_align:left|line_height:1&#8243; google_fonts=&#8221;font_family:Lato%3A100%2C100italic%2C300%2C300italic%2Cregular%2Citalic%2C700%2C700italic%2C900%2C900italic|font_style:300%20light%20regular%3A300%3Anormal&#8221; cms_custom_headding_type=&#8221;heading-borderleft-textbold&#8221; css=&#8221;.vc_custom_1493987604000{margin-bottom: 0px !important;}&#8221;][vc_empty_space height=&#8221;15px&#8221;][\/vc_column_inner][vc_column_inner width=&#8221;1\/2&#8243;][\/vc_column_inner][vc_column_inner][vc_column_text]Juan Manuel Berm\u00fadez Garc\u00eda desenvolve a s\u00faa li\u00f1a de investigaci\u00f3n no Centro Interdisciplinar de Qu\u00edmica e Biolox\u00eda (CICA) da Universidade da Coru\u00f1a. Aqu\u00ed o investigador desenvolve novos materiais s\u00f3lidos capaces de transformar a presi\u00f3n en refrixeraci\u00f3n, calefacci\u00f3n e almacenamento de enerx\u00eda t\u00e9rmica para sistemas que sexan m\u00e1is eficientes e seguros para o medioambiente e o usuario.<\/p>\n<p>&nbsp;<\/p>\n<p>O investigador tivo un papel moi relevante no descubrimento das \u201cperovski\u00f1as\u201d e os \u201crespiro-cal\u00f3ricos\u201d, materiais s\u00f3lidos capaces de transformar pequenas presi\u00f3ns e reutilizar o CO2, respectivamente, para proporcionar fr\u00edo e\/ou calor. Estes son os primeiros exemplos de materiais s\u00f3lidos que poden operar en condici\u00f3ns similares aos gases de refrixeraci\u00f3n e calefacci\u00f3n comerciais (moitos dos cales se retirar\u00e1n do mercado antes de 2050 por contribu\u00edr ao quecemento global), presentando unha alternativa moi prometedora, m\u00e1is sostible e segura.<\/p>\n<p>&nbsp;<\/p>\n<p>O seguinte obxectivo neste proxecto \u00e9 profundar no co\u00f1ecemento destes materiais emerxentes para optimizar as s\u00faas propiedades t\u00e9rmicas e implementalos en tecnolox\u00edas como neveiras, aparellos de aire acondicionado, dispositivos m\u00f3biles, obxectos intelixentes, chans, persoais e t\u00e9xtiles auto-refrixerantes, que poidan aproveitar a presi\u00f3n exercida adrede ou recuperada, por exemplo, das pisadas ao cami\u00f1ar para quentar e\/ou arrefriar de maneira sostible.[\/vc_column_text][\/vc_column_inner][\/vc_row_inner][vc_empty_space height=&#8221;15px&#8221;][vc_empty_space height=&#8221;15px&#8221;][\/vc_column][\/vc_row][vc_row][vc_column][vc_empty_space height=&#8221;35px&#8221;][\/vc_column][\/vc_row]<\/p>\n","protected":false},"excerpt":{"rendered":"<p>[vc_row row_mask_bg=&#8221;&#8221; row_arrow=&#8221;&#8221; el_class=&#8221;p-140-cont pb-0&#8243; css=&#8221;.vc_custom_1494861745759{margin-top: 0px !important;margin-bottom: 0px !important;}&#8221;][vc_column width=&#8221;1\/2&#8243;][vc_custom_heading text=&#8221;Juan Manuel Berm\u00fadez Garc\u00eda&#8221; font_container=&#8221;tag:h2|font_size:45px|text_align:left|line_height:1&#8243; google_fonts=&#8221;font_family:Lato%3A100%2C100italic%2C300%2C300italic%2Cregular%2Citalic%2C700%2C700italic%2C900%2C900italic|font_style:300%20light%20regular%3A300%3Anormal&#8221; cms_custom_headding_type=&#8221;heading-borderleft-textbold&#8221; css=&#8221;.vc_custom_1675265842375{margin-bottom: 0px !important;}&#8221;][\/vc_column][vc_column width=&#8221;1\/2&#8243;][\/vc_column][\/vc_row][vc_row el_class=&#8221;p-140-cont pb-0&#8243; css=&#8221;.vc_custom_1440603786345{margin-bottom:<\/p>\n","protected":false},"author":2,"featured_media":0,"parent":8737,"menu_order":0,"comment_status":"closed","ping_status":"closed","template":"","meta":{"footnotes":""},"_links":{"self":[{"href":"https:\/\/www.intalent.udc.gal\/gl\/wp-json\/wp\/v2\/pages\/8823"}],"collection":[{"href":"https:\/\/www.intalent.udc.gal\/gl\/wp-json\/wp\/v2\/pages"}],"about":[{"href":"https:\/\/www.intalent.udc.gal\/gl\/wp-json\/wp\/v2\/types\/page"}],"author":[{"embeddable":true,"href":"https:\/\/www.intalent.udc.gal\/gl\/wp-json\/wp\/v2\/users\/2"}],"replies":[{"embeddable":true,"href":"https:\/\/www.intalent.udc.gal\/gl\/wp-json\/wp\/v2\/comments?post=8823"}],"version-history":[{"count":6,"href":"https:\/\/www.intalent.udc.gal\/gl\/wp-json\/wp\/v2\/pages\/8823\/revisions"}],"predecessor-version":[{"id":9035,"href":"https:\/\/www.intalent.udc.gal\/gl\/wp-json\/wp\/v2\/pages\/8823\/revisions\/9035"}],"up":[{"embeddable":true,"href":"https:\/\/www.intalent.udc.gal\/gl\/wp-json\/wp\/v2\/pages\/8737"}],"wp:attachment":[{"href":"https:\/\/www.intalent.udc.gal\/gl\/wp-json\/wp\/v2\/media?parent=8823"}],"curies":[{"name":"wp","href":"https:\/\/api.w.org\/{rel}","templated":true}]}}

Juan Manuel Bermúdez García

<p>[vc_row row_mask_bg=&#8221;&#8221; row_arrow=&#8221;&#8221; el_class=&#8221;p-140-cont pb-0&#8243; css=&#8221;.vc_custom_1494861745759{margin-top: 0px !important;margin-bottom: 0px !important;}&#8221;][vc_column width=&#8221;1/2&#8243;][vc_custom_heading text=&#8221;Juan Manuel Bermúdez García&#8221; font_container=&#8221;tag:h2|font_size:45px|text_align:left|line_height:1&#8243; google_fonts=&#8221;font_family:Lato%3A100%2C100italic%2C300%2C300italic%2Cregular%2Citalic%2C700%2C700italic%2C900%2C900italic|font_style:300%20light%20regular%3A300%3Anormal&#8221; cms_custom_headding_type=&#8221;heading-borderleft-textbold&#8221; css=&#8221;.vc_custom_1675265842375{margin-bottom: 0px !important;}&#8221;][/vc_column][vc_column width=&#8221;1/2&#8243;][/vc_column][/vc_row][vc_row el_class=&#8221;p-140-cont pb-0&#8243; css=&#8221;.vc_custom_1440603786345{margin-bottom: 100px !important;background-color: #ffffff !important;}&#8221;][vc_column][vc_empty_space height=&#8221;15px&#8221;][vc_row_inner equal_height=&#8221;yes&#8221; content_placement=&#8221;middle&#8221; cms_row_inner_overflow=&#8221;&#8221;][vc_column_inner width=&#8221;1/4&#8243;][vc_single_image image=&#8221;8879&#8243; img_size=&#8221;full&#8221; alignment=&#8221;center&#8221; vc_none_hover_effect=&#8221;&#8221;][vc_column_text css=&#8221;.vc_custom_1680087110272{margin-left: 35px !important;padding-left: 25% !important;}&#8221;]<a href="https://www.linkedin.com/in/jmbermudezgarcia/"><img loading="lazy" decoding="async" class="wp-image-5465 size-full alignleft" src="https://www.intalent.udc.es/wp-content/uploads/2017/05/linkedin-1.png" alt="" width="56" height="56" /></a>[/vc_column_text][vc_empty_space height=&#8221;15px&#8221;][vc_empty_space height=&#8221;30px&#8221;][/vc_column_inner][vc_column_inner width=&#8221;1/12&#8243; offset=&#8221;vc_hidden-xs&#8221;][/vc_column_inner][vc_column_inner width=&#8221;2/3&#8243;][vc_column_text]Juan Manuel Bermúdez García, Licenciado en Química pola Universidade de Granada, conta cun Máster en Ciencias, Tecnoloxía e Xestión Ambiental e un Doutoramento en Química Ambiental e Fundamental, ambos pola Universidade da Coruña.</p>
<p>&nbsp;</p>
<p>Durante a súa carreira investigadora Juan Manuel realizou estancias en recoñecidos centros de prestixio internacional, como a Universidade de Oxford (UK) ou a Universidade de Cambridge (UK). Ademais, participou en experimentos realizados en grandes instalacións, como Os Alamos National Laboratory (NM, USA).</p>
<p>&nbsp;</p>
<p>A súa investigación céntrase no desenvolvemento de novos termomateriales sólidos para sistemas de refrixeración e calefacción con baixas emisións de gases de efecto invernadoiro, a cal xa foi recoñecida con galardóns da Real Academia Galega de Ciencias e de grupos especializados da Real Sociedade Española de Química.</p>
<p>&nbsp;</p>
<p>O investigador tamén ten unha ampla formación en emprendemento e transferencia, sendo alumni do exclusivo programa Impulse da Universidade de Cambridge (UK) e representando á Universidade da Coruña como finalista na <em>Emerging Technologies Competition da Royal Society of Chemistry.</em></p>
<p>&nbsp;</p>
<p>Juan Manuel tamén é moi activo en divulgación científica, colaborando en medios nacionais e internacionais, como a revista C&amp;EN, Chemistry World, Business Insider, ou o programa Órbita Laika. Ademais, dirixe a canle de divulgación “@thermogramer&#8221; en redes, e apareceu recurrentemente en prensa, radio, e televisión.[/vc_column_text][/vc_column_inner][vc_column_inner][vc_empty_space height=&#8221;15px&#8221;][/vc_column_inner][/vc_row_inner][/vc_column][/vc_row][vc_row row_mask_bg=&#8221;&#8221; row_arrow=&#8221;&#8221; css=&#8221;.vc_custom_1494861130580{background-color: #f4f4f4 !important;}&#8221;][vc_column][vc_empty_space height=&#8221;15px&#8221;][vc_empty_space height=&#8221;15px&#8221;][vc_row_inner][vc_column_inner width=&#8221;1/2&#8243;][vc_custom_heading text=&#8221;Proxecto&#8221; font_container=&#8221;tag:h3|font_size:35px|text_align:left|line_height:1&#8243; google_fonts=&#8221;font_family:Lato%3A100%2C100italic%2C300%2C300italic%2Cregular%2Citalic%2C700%2C700italic%2C900%2C900italic|font_style:300%20light%20regular%3A300%3Anormal&#8221; cms_custom_headding_type=&#8221;heading-borderleft-textbold&#8221; css=&#8221;.vc_custom_1493987604000{margin-bottom: 0px !important;}&#8221;][vc_empty_space height=&#8221;15px&#8221;][/vc_column_inner][vc_column_inner width=&#8221;1/2&#8243;][/vc_column_inner][vc_column_inner][vc_column_text]Juan Manuel Bermúdez García desenvolve a súa liña de investigación no Centro Interdisciplinar de Química e Bioloxía (CICA) da Universidade da Coruña. Aquí o investigador desenvolve novos materiais sólidos capaces de transformar a presión en refrixeración, calefacción e almacenamento de enerxía térmica para sistemas que sexan máis eficientes e seguros para o medioambiente e o usuario.</p>
<p>&nbsp;</p>
<p>O investigador tivo un papel moi relevante no descubrimento das “perovskiñas” e os “respiro-calóricos”, materiais sólidos capaces de transformar pequenas presións e reutilizar o CO2, respectivamente, para proporcionar frío e/ou calor. Estes son os primeiros exemplos de materiais sólidos que poden operar en condicións similares aos gases de refrixeración e calefacción comerciais (moitos dos cales se retirarán do mercado antes de 2050 por contribuír ao quecemento global), presentando unha alternativa moi prometedora, máis sostible e segura.</p>
<p>&nbsp;</p>
<p>O seguinte obxectivo neste proxecto é profundar no coñecemento destes materiais emerxentes para optimizar as súas propiedades térmicas e implementalos en tecnoloxías como neveiras, aparellos de aire acondicionado, dispositivos móbiles, obxectos intelixentes, chans, persoais e téxtiles auto-refrixerantes, que poidan aproveitar a presión exercida adrede ou recuperada, por exemplo, das pisadas ao camiñar para quentar e/ou arrefriar de maneira sostible.[/vc_column_text][/vc_column_inner][/vc_row_inner][vc_empty_space height=&#8221;15px&#8221;][vc_empty_space height=&#8221;15px&#8221;][/vc_column][/vc_row][vc_row][vc_column][vc_empty_space height=&#8221;35px&#8221;][/vc_column][/vc_row]</p>

<p>[vc_row row_mask_bg=&#8221;&#8221; row_arrow=&#8221;&#8221; el_class=&#8221;p-140-cont pb-0&#8243; css=&#8221;.vc_custom_1494861745759{margin-top: 0px !important;margin-bottom: 0px !important;}&#8221;][vc_column width=&#8221;1/2&#8243;][vc_custom_heading text=&#8221;Juan Manuel Bermúdez García&#8221; font_container=&#8221;tag:h2|font_size:45px|text_align:left|line_height:1&#8243; google_fonts=&#8221;font_family:Lato%3A100%2C100italic%2C300%2C300italic%2Cregular%2Citalic%2C700%2C700italic%2C900%2C900italic|font_style:300%20light%20regular%3A300%3Anormal&#8221; cms_custom_headding_type=&#8221;heading-borderleft-textbold&#8221; css=&#8221;.vc_custom_1675265842375{margin-bottom: 0px !important;}&#8221;][/vc_column][vc_column width=&#8221;1/2&#8243;][/vc_column][/vc_row][vc_row el_class=&#8221;p-140-cont pb-0&#8243; css=&#8221;.vc_custom_1440603786345{margin-bottom:</p>
