{"id":9439,"date":"2025-11-27T13:52:23","date_gmt":"2025-11-27T12:52:23","guid":{"rendered":"https:\/\/www.intalent.udc.gal\/?page_id=9439"},"modified":"2025-12-01T10:18:01","modified_gmt":"2025-12-01T09:18:01","slug":"maximo-sozzo","status":"publish","type":"page","link":"https:\/\/www.intalent.udc.gal\/gl\/investigadores\/maximo-sozzo\/","title":{"rendered":"M\u00e1ximo Sozzo"},"content":{"rendered":"<p>[vc_row row_mask_bg=&#8221;&#8221; row_arrow=&#8221;&#8221; el_class=&#8221;p-140-cont pb-0&#8243; css=&#8221;.vc_custom_1494861745759{margin-top: 0px !important;margin-bottom: 0px !important;}&#8221;][vc_column width=&#8221;1\/2&#8243;][vc_custom_heading text=&#8221;M\u00e1ximo Sozzo&#8221; font_container=&#8221;tag:h2|font_size:45px|text_align:left|line_height:1&#8243; google_fonts=&#8221;font_family:Lato%3A100%2C100italic%2C300%2C300italic%2Cregular%2Citalic%2C700%2C700italic%2C900%2C900italic|font_style:300%20light%20regular%3A300%3Anormal&#8221; cms_custom_headding_type=&#8221;heading-borderleft-textbold&#8221; css=&#8221;.vc_custom_1764247956332{margin-bottom: 0px !important;}&#8221;][\/vc_column][vc_column width=&#8221;1\/2&#8243;][\/vc_column][\/vc_row][vc_row el_class=&#8221;p-140-cont pb-0&#8243; css=&#8221;.vc_custom_1440603786345{margin-bottom: 100px !important;background-color: #ffffff !important;}&#8221;][vc_column][vc_empty_space height=&#8221;15px&#8221;][vc_row_inner equal_height=&#8221;yes&#8221; content_placement=&#8221;middle&#8221; cms_row_inner_overflow=&#8221;&#8221;][vc_column_inner width=&#8221;1\/4&#8243;][vc_single_image image=&#8221;9201&#8243; img_size=&#8221;full&#8221; alignment=&#8221;center&#8221; vc_none_hover_effect=&#8221;&#8221;][vc_column_text css=&#8221;.vc_custom_1764580678854{margin-left: 35px !important;padding-left: 25% !important;}&#8221;]<a href=\"https:\/\/www.linkedin.com\/in\/maximo-sozzo-78175a83\/\" target=\"_blank\" rel=\"noopener\"><img loading=\"lazy\" decoding=\"async\" class=\"wp-image-5465 size-full alignleft\" src=\"https:\/\/www.intalent.udc.es\/wp-content\/uploads\/2017\/05\/linkedin-1.png\" alt=\"\" width=\"56\" height=\"56\" \/><\/a>[\/vc_column_text][vc_empty_space height=&#8221;15px&#8221;][vc_empty_space height=&#8221;30px&#8221;][\/vc_column_inner][vc_column_inner width=&#8221;1\/12&#8243; offset=&#8221;vc_hidden-xs&#8221;][\/vc_column_inner][vc_column_inner width=&#8221;2\/3&#8243;][vc_column_text]M\u00e1ximo Sozzo \u00e9 un investigador arxentino especializado en criminolox\u00eda, cun foco en Am\u00e9rica Latina. Foi Profesor Visitante Leverhulme na Universidade de Edimburgo (2024\u20132025) e Straus Fellow na Universidade de Nova York (2010\u20132011).\u200b<\/p>\n<p>Publicou 74 artigos en revistas cient\u00edficas, 8 libros como autor e 16 volumes colectivos como editor. Entre as s\u00faas obras m\u00e1is recentes destacan Puni\u00e7\u00e3o e Sociedade Contemporanea (Tirant Lo Blanch, 2025), Punishment in Latin America: Explorations from the Margins (Emerald, 2024, con L. Dal Santo), Viaxes das ideas sobre a cuesti\u00f3n criminal desde e cara a Arxentina (1880\u20131955) (Max Planck, 2024, con J. N\u00fa\u00f1ez), Decolonising the Criminal Question (Oxford University Press, 2023, con A. Aliverti, A. Chamberlen e H. Carvalho) e Xustiza penal e mecanismos de condena sen xu\u00edzo (Marcial Pons, 2023, con M. Langer).\u200b[\/vc_column_text][\/vc_column_inner][vc_column_inner][vc_empty_space height=&#8221;15px&#8221;][\/vc_column_inner][\/vc_row_inner][\/vc_column][\/vc_row][vc_row row_mask_bg=&#8221;&#8221; row_arrow=&#8221;&#8221; css=&#8221;.vc_custom_1494861130580{background-color: #f4f4f4 !important;}&#8221;][vc_column][vc_empty_space height=&#8221;15px&#8221;][vc_empty_space height=&#8221;15px&#8221;][vc_row_inner][vc_column_inner width=&#8221;1\/2&#8243;][vc_custom_heading text=&#8221;Proxecto&#8221; font_container=&#8221;tag:h3|font_size:35px|text_align:left|line_height:1&#8243; google_fonts=&#8221;font_family:Lato%3A100%2C100italic%2C300%2C300italic%2Cregular%2Citalic%2C700%2C700italic%2C900%2C900italic|font_style:300%20light%20regular%3A300%3Anormal&#8221; cms_custom_headding_type=&#8221;heading-borderleft-textbold&#8221; css=&#8221;.vc_custom_1493987604000{margin-bottom: 0px !important;}&#8221;][vc_empty_space height=&#8221;15px&#8221;][\/vc_column_inner][vc_column_inner width=&#8221;1\/2&#8243;][\/vc_column_inner][vc_column_inner][vc_column_text]\u00c9 editor en xefe de Punishment &amp; Society. The International Journal of Penology e director de Delito y Sociedad: Revista de Ciencias Sociales. Como investigador Ram\u00f3n y Cajal na Universidade da Coru\u00f1a, desenvolver\u00e1 estudos comparados sobre as transformaci\u00f3ns da penalidade nas sociedades contempor\u00e1neas, co obxectivo de innovar fronte aos marcos explicativos tradicionais, centrados en contextos angl\u00f3fonos do Norte Global.\u200b[\/vc_column_text][\/vc_column_inner][\/vc_row_inner][vc_empty_space height=&#8221;15px&#8221;][vc_empty_space height=&#8221;15px&#8221;][\/vc_column][\/vc_row][vc_row][vc_column][vc_empty_space height=&#8221;35px&#8221;][\/vc_column][\/vc_row]<\/p>\n","protected":false},"excerpt":{"rendered":"<p>[vc_row row_mask_bg=&#8221;&#8221; row_arrow=&#8221;&#8221; el_class=&#8221;p-140-cont pb-0&#8243; css=&#8221;.vc_custom_1494861745759{margin-top: 0px !important;margin-bottom: 0px !important;}&#8221;][vc_column width=&#8221;1\/2&#8243;][vc_custom_heading text=&#8221;M\u00e1ximo Sozzo&#8221; font_container=&#8221;tag:h2|font_size:45px|text_align:left|line_height:1&#8243; google_fonts=&#8221;font_family:Lato%3A100%2C100italic%2C300%2C300italic%2Cregular%2Citalic%2C700%2C700italic%2C900%2C900italic|font_style:300%20light%20regular%3A300%3Anormal&#8221; cms_custom_headding_type=&#8221;heading-borderleft-textbold&#8221; css=&#8221;.vc_custom_1764247956332{margin-bottom: 0px !important;}&#8221;][\/vc_column][vc_column width=&#8221;1\/2&#8243;][\/vc_column][\/vc_row][vc_row el_class=&#8221;p-140-cont pb-0&#8243; css=&#8221;.vc_custom_1440603786345{margin-bottom: 100px !important;background-color:<\/p>\n","protected":false},"author":2,"featured_media":0,"parent":8737,"menu_order":0,"comment_status":"closed","ping_status":"closed","template":"","meta":{"footnotes":""},"_links":{"self":[{"href":"https:\/\/www.intalent.udc.gal\/gl\/wp-json\/wp\/v2\/pages\/9439"}],"collection":[{"href":"https:\/\/www.intalent.udc.gal\/gl\/wp-json\/wp\/v2\/pages"}],"about":[{"href":"https:\/\/www.intalent.udc.gal\/gl\/wp-json\/wp\/v2\/types\/page"}],"author":[{"embeddable":true,"href":"https:\/\/www.intalent.udc.gal\/gl\/wp-json\/wp\/v2\/users\/2"}],"replies":[{"embeddable":true,"href":"https:\/\/www.intalent.udc.gal\/gl\/wp-json\/wp\/v2\/comments?post=9439"}],"version-history":[{"count":3,"href":"https:\/\/www.intalent.udc.gal\/gl\/wp-json\/wp\/v2\/pages\/9439\/revisions"}],"predecessor-version":[{"id":9579,"href":"https:\/\/www.intalent.udc.gal\/gl\/wp-json\/wp\/v2\/pages\/9439\/revisions\/9579"}],"up":[{"embeddable":true,"href":"https:\/\/www.intalent.udc.gal\/gl\/wp-json\/wp\/v2\/pages\/8737"}],"wp:attachment":[{"href":"https:\/\/www.intalent.udc.gal\/gl\/wp-json\/wp\/v2\/media?parent=9439"}],"curies":[{"name":"wp","href":"https:\/\/api.w.org\/{rel}","templated":true}]}}

Máximo Sozzo

<p>[vc_row row_mask_bg=&#8221;&#8221; row_arrow=&#8221;&#8221; el_class=&#8221;p-140-cont pb-0&#8243; css=&#8221;.vc_custom_1494861745759{margin-top: 0px !important;margin-bottom: 0px !important;}&#8221;][vc_column width=&#8221;1/2&#8243;][vc_custom_heading text=&#8221;Máximo Sozzo&#8221; font_container=&#8221;tag:h2|font_size:45px|text_align:left|line_height:1&#8243; google_fonts=&#8221;font_family:Lato%3A100%2C100italic%2C300%2C300italic%2Cregular%2Citalic%2C700%2C700italic%2C900%2C900italic|font_style:300%20light%20regular%3A300%3Anormal&#8221; cms_custom_headding_type=&#8221;heading-borderleft-textbold&#8221; css=&#8221;.vc_custom_1764247956332{margin-bottom: 0px !important;}&#8221;][/vc_column][vc_column width=&#8221;1/2&#8243;][/vc_column][/vc_row][vc_row el_class=&#8221;p-140-cont pb-0&#8243; css=&#8221;.vc_custom_1440603786345{margin-bottom: 100px !important;background-color: #ffffff !important;}&#8221;][vc_column][vc_empty_space height=&#8221;15px&#8221;][vc_row_inner equal_height=&#8221;yes&#8221; content_placement=&#8221;middle&#8221; cms_row_inner_overflow=&#8221;&#8221;][vc_column_inner width=&#8221;1/4&#8243;][vc_single_image image=&#8221;9201&#8243; img_size=&#8221;full&#8221; alignment=&#8221;center&#8221; vc_none_hover_effect=&#8221;&#8221;][vc_column_text css=&#8221;.vc_custom_1764580678854{margin-left: 35px !important;padding-left: 25% !important;}&#8221;]<a href="https://www.linkedin.com/in/maximo-sozzo-78175a83/" target="_blank" rel="noopener"><img loading="lazy" decoding="async" class="wp-image-5465 size-full alignleft" src="https://www.intalent.udc.es/wp-content/uploads/2017/05/linkedin-1.png" alt="" width="56" height="56" /></a>[/vc_column_text][vc_empty_space height=&#8221;15px&#8221;][vc_empty_space height=&#8221;30px&#8221;][/vc_column_inner][vc_column_inner width=&#8221;1/12&#8243; offset=&#8221;vc_hidden-xs&#8221;][/vc_column_inner][vc_column_inner width=&#8221;2/3&#8243;][vc_column_text]Máximo Sozzo é un investigador arxentino especializado en criminoloxía, cun foco en América Latina. Foi Profesor Visitante Leverhulme na Universidade de Edimburgo (2024–2025) e Straus Fellow na Universidade de Nova York (2010–2011).​</p>
<p>Publicou 74 artigos en revistas científicas, 8 libros como autor e 16 volumes colectivos como editor. Entre as súas obras máis recentes destacan Punição e Sociedade Contemporanea (Tirant Lo Blanch, 2025), Punishment in Latin America: Explorations from the Margins (Emerald, 2024, con L. Dal Santo), Viaxes das ideas sobre a cuestión criminal desde e cara a Arxentina (1880–1955) (Max Planck, 2024, con J. Núñez), Decolonising the Criminal Question (Oxford University Press, 2023, con A. Aliverti, A. Chamberlen e H. Carvalho) e Xustiza penal e mecanismos de condena sen xuízo (Marcial Pons, 2023, con M. Langer).​[/vc_column_text][/vc_column_inner][vc_column_inner][vc_empty_space height=&#8221;15px&#8221;][/vc_column_inner][/vc_row_inner][/vc_column][/vc_row][vc_row row_mask_bg=&#8221;&#8221; row_arrow=&#8221;&#8221; css=&#8221;.vc_custom_1494861130580{background-color: #f4f4f4 !important;}&#8221;][vc_column][vc_empty_space height=&#8221;15px&#8221;][vc_empty_space height=&#8221;15px&#8221;][vc_row_inner][vc_column_inner width=&#8221;1/2&#8243;][vc_custom_heading text=&#8221;Proxecto&#8221; font_container=&#8221;tag:h3|font_size:35px|text_align:left|line_height:1&#8243; google_fonts=&#8221;font_family:Lato%3A100%2C100italic%2C300%2C300italic%2Cregular%2Citalic%2C700%2C700italic%2C900%2C900italic|font_style:300%20light%20regular%3A300%3Anormal&#8221; cms_custom_headding_type=&#8221;heading-borderleft-textbold&#8221; css=&#8221;.vc_custom_1493987604000{margin-bottom: 0px !important;}&#8221;][vc_empty_space height=&#8221;15px&#8221;][/vc_column_inner][vc_column_inner width=&#8221;1/2&#8243;][/vc_column_inner][vc_column_inner][vc_column_text]É editor en xefe de Punishment &amp; Society. The International Journal of Penology e director de Delito y Sociedad: Revista de Ciencias Sociales. Como investigador Ramón y Cajal na Universidade da Coruña, desenvolverá estudos comparados sobre as transformacións da penalidade nas sociedades contemporáneas, co obxectivo de innovar fronte aos marcos explicativos tradicionais, centrados en contextos anglófonos do Norte Global.​[/vc_column_text][/vc_column_inner][/vc_row_inner][vc_empty_space height=&#8221;15px&#8221;][vc_empty_space height=&#8221;15px&#8221;][/vc_column][/vc_row][vc_row][vc_column][vc_empty_space height=&#8221;35px&#8221;][/vc_column][/vc_row]</p>

<p>[vc_row row_mask_bg=&#8221;&#8221; row_arrow=&#8221;&#8221; el_class=&#8221;p-140-cont pb-0&#8243; css=&#8221;.vc_custom_1494861745759{margin-top: 0px !important;margin-bottom: 0px !important;}&#8221;][vc_column width=&#8221;1/2&#8243;][vc_custom_heading text=&#8221;Máximo Sozzo&#8221; font_container=&#8221;tag:h2|font_size:45px|text_align:left|line_height:1&#8243; google_fonts=&#8221;font_family:Lato%3A100%2C100italic%2C300%2C300italic%2Cregular%2Citalic%2C700%2C700italic%2C900%2C900italic|font_style:300%20light%20regular%3A300%3Anormal&#8221; cms_custom_headding_type=&#8221;heading-borderleft-textbold&#8221; css=&#8221;.vc_custom_1764247956332{margin-bottom: 0px !important;}&#8221;][/vc_column][vc_column width=&#8221;1/2&#8243;][/vc_column][/vc_row][vc_row el_class=&#8221;p-140-cont pb-0&#8243; css=&#8221;.vc_custom_1440603786345{margin-bottom: 100px !important;background-color:</p>
