{"id":9454,"date":"2025-11-27T15:15:24","date_gmt":"2025-11-27T14:15:24","guid":{"rendered":"https:\/\/www.intalent.udc.gal\/?page_id=9454"},"modified":"2025-12-01T10:31:30","modified_gmt":"2025-12-01T09:31:30","slug":"carlos-vazquez-sierra","status":"publish","type":"page","link":"https:\/\/www.intalent.udc.gal\/gl\/investigadores\/carlos-vazquez-sierra\/","title":{"rendered":"Carlos V\u00e1zquez Sierra\u200b"},"content":{"rendered":"<p>[vc_row row_mask_bg=&#8221;&#8221; row_arrow=&#8221;&#8221; el_class=&#8221;p-140-cont pb-0&#8243; css=&#8221;.vc_custom_1494861745759{margin-top: 0px !important;margin-bottom: 0px !important;}&#8221;][vc_column width=&#8221;1\/2&#8243;][vc_custom_heading text=&#8221;Carlos V\u00e1zquez Sierra&#8221; font_container=&#8221;tag:h2|font_size:45px|text_align:left|line_height:1&#8243; google_fonts=&#8221;font_family:Lato%3A100%2C100italic%2C300%2C300italic%2Cregular%2Citalic%2C700%2C700italic%2C900%2C900italic|font_style:300%20light%20regular%3A300%3Anormal&#8221; cms_custom_headding_type=&#8221;heading-borderleft-textbold&#8221; css=&#8221;.vc_custom_1764252848986{margin-bottom: 0px !important;}&#8221;][\/vc_column][vc_column width=&#8221;1\/2&#8243;][\/vc_column][\/vc_row][vc_row el_class=&#8221;p-140-cont pb-0&#8243; css=&#8221;.vc_custom_1440603786345{margin-bottom: 100px !important;background-color: #ffffff !important;}&#8221;][vc_column][vc_empty_space height=&#8221;15px&#8221;][vc_row_inner equal_height=&#8221;yes&#8221; content_placement=&#8221;middle&#8221; cms_row_inner_overflow=&#8221;&#8221;][vc_column_inner width=&#8221;1\/4&#8243;][vc_single_image image=&#8221;9209&#8243; img_size=&#8221;full&#8221; alignment=&#8221;center&#8221; vc_none_hover_effect=&#8221;&#8221;][vc_empty_space height=&#8221;15px&#8221;][vc_empty_space height=&#8221;30px&#8221;][\/vc_column_inner][vc_column_inner width=&#8221;1\/12&#8243; offset=&#8221;vc_hidden-xs&#8221;][\/vc_column_inner][vc_column_inner width=&#8221;2\/3&#8243;][vc_column_text]Carlos V\u00e1zquez Sierra \u00e9 doutor en F\u00edsica Nuclear e de Part\u00edculas pola Universidade de Santiago de Compostela (USC). Despois de defender a s\u00faa tese en decembro de 2016, traballou no Instituto Holand\u00e9s de F\u00edsica Subat\u00f3mica (NIKHEF, \u00c1msterdam) e na Organizaci\u00f3n Europea para a Investigaci\u00f3n Nuclear (CERN, Xenebra), regresando posteriormente \u00e1 USC como investigador Mar\u00eda Zambrano.\u200b<\/p>\n<p>Incorporado como investigador Ram\u00f3n y Cajal \u00e1 Universidade da Coru\u00f1a, a s\u00faa investigaci\u00f3n c\u00e9ntrase na realizaci\u00f3n de medidas relacionadas co bos\u00f3n de Higgs, as\u00ed como na procura directa de materia escura e de posibles candidatos a nova f\u00edsica no experimento LHCb do CERN, do que forma parte desde 2012.\u200b[\/vc_column_text][\/vc_column_inner][vc_column_inner][vc_empty_space height=&#8221;15px&#8221;][\/vc_column_inner][\/vc_row_inner][\/vc_column][\/vc_row][vc_row row_mask_bg=&#8221;&#8221; row_arrow=&#8221;&#8221; css=&#8221;.vc_custom_1494861130580{background-color: #f4f4f4 !important;}&#8221;][vc_column][vc_empty_space height=&#8221;15px&#8221;][vc_empty_space height=&#8221;15px&#8221;][vc_row_inner][vc_column_inner width=&#8221;1\/2&#8243;][vc_custom_heading text=&#8221;Proxecto&#8221; font_container=&#8221;tag:h3|font_size:35px|text_align:left|line_height:1&#8243; google_fonts=&#8221;font_family:Lato%3A100%2C100italic%2C300%2C300italic%2Cregular%2Citalic%2C700%2C700italic%2C900%2C900italic|font_style:300%20light%20regular%3A300%3Anormal&#8221; cms_custom_headding_type=&#8221;heading-borderleft-textbold&#8221; css=&#8221;.vc_custom_1493987604000{margin-bottom: 0px !important;}&#8221;][vc_empty_space height=&#8221;15px&#8221;][\/vc_column_inner][vc_column_inner width=&#8221;1\/2&#8243;][\/vc_column_inner][vc_column_inner][vc_column_text]Coordinou diversos grupos de traballo dentro e f\u00f3ra de LHCb, tanto en f\u00edsica de part\u00edculas como en tarefas computacionais, e actualmente \u00e9 tam\u00e9n o coordinador adxunto de f\u00edsica dun novo detector que se construir\u00e1 no CERN nos pr\u00f3ximos anos, CODEX-b, destinado \u00e1 procura de part\u00edculas de vida moi longa. Desde outubro de 2025, \u00e9 tam\u00e9n o director do panel de oradores do experimento LHCb, coa responsabilidade de supervisar e coordinar todas as presentaci\u00f3ns p\u00fablicas dos resultados do experimento, tanto en conferencias de alto nivel como en obradoiros internacionais.\u200b[\/vc_column_text][\/vc_column_inner][\/vc_row_inner][vc_empty_space height=&#8221;15px&#8221;][vc_empty_space height=&#8221;15px&#8221;][\/vc_column][\/vc_row][vc_row][vc_column][vc_empty_space height=&#8221;35px&#8221;][\/vc_column][\/vc_row]<\/p>\n","protected":false},"excerpt":{"rendered":"<p>[vc_row row_mask_bg=&#8221;&#8221; row_arrow=&#8221;&#8221; el_class=&#8221;p-140-cont pb-0&#8243; css=&#8221;.vc_custom_1494861745759{margin-top: 0px !important;margin-bottom: 0px !important;}&#8221;][vc_column width=&#8221;1\/2&#8243;][vc_custom_heading text=&#8221;Carlos V\u00e1zquez Sierra&#8221; font_container=&#8221;tag:h2|font_size:45px|text_align:left|line_height:1&#8243; google_fonts=&#8221;font_family:Lato%3A100%2C100italic%2C300%2C300italic%2Cregular%2Citalic%2C700%2C700italic%2C900%2C900italic|font_style:300%20light%20regular%3A300%3Anormal&#8221; cms_custom_headding_type=&#8221;heading-borderleft-textbold&#8221; css=&#8221;.vc_custom_1764252848986{margin-bottom: 0px !important;}&#8221;][\/vc_column][vc_column width=&#8221;1\/2&#8243;][\/vc_column][\/vc_row][vc_row el_class=&#8221;p-140-cont pb-0&#8243; css=&#8221;.vc_custom_1440603786345{margin-bottom: 100px<\/p>\n","protected":false},"author":2,"featured_media":0,"parent":8737,"menu_order":0,"comment_status":"closed","ping_status":"closed","template":"","meta":{"footnotes":""},"_links":{"self":[{"href":"https:\/\/www.intalent.udc.gal\/gl\/wp-json\/wp\/v2\/pages\/9454"}],"collection":[{"href":"https:\/\/www.intalent.udc.gal\/gl\/wp-json\/wp\/v2\/pages"}],"about":[{"href":"https:\/\/www.intalent.udc.gal\/gl\/wp-json\/wp\/v2\/types\/page"}],"author":[{"embeddable":true,"href":"https:\/\/www.intalent.udc.gal\/gl\/wp-json\/wp\/v2\/users\/2"}],"replies":[{"embeddable":true,"href":"https:\/\/www.intalent.udc.gal\/gl\/wp-json\/wp\/v2\/comments?post=9454"}],"version-history":[{"count":2,"href":"https:\/\/www.intalent.udc.gal\/gl\/wp-json\/wp\/v2\/pages\/9454\/revisions"}],"predecessor-version":[{"id":9586,"href":"https:\/\/www.intalent.udc.gal\/gl\/wp-json\/wp\/v2\/pages\/9454\/revisions\/9586"}],"up":[{"embeddable":true,"href":"https:\/\/www.intalent.udc.gal\/gl\/wp-json\/wp\/v2\/pages\/8737"}],"wp:attachment":[{"href":"https:\/\/www.intalent.udc.gal\/gl\/wp-json\/wp\/v2\/media?parent=9454"}],"curies":[{"name":"wp","href":"https:\/\/api.w.org\/{rel}","templated":true}]}}

Carlos Vázquez Sierra​

<p>[vc_row row_mask_bg=&#8221;&#8221; row_arrow=&#8221;&#8221; el_class=&#8221;p-140-cont pb-0&#8243; css=&#8221;.vc_custom_1494861745759{margin-top: 0px !important;margin-bottom: 0px !important;}&#8221;][vc_column width=&#8221;1/2&#8243;][vc_custom_heading text=&#8221;Carlos Vázquez Sierra&#8221; font_container=&#8221;tag:h2|font_size:45px|text_align:left|line_height:1&#8243; google_fonts=&#8221;font_family:Lato%3A100%2C100italic%2C300%2C300italic%2Cregular%2Citalic%2C700%2C700italic%2C900%2C900italic|font_style:300%20light%20regular%3A300%3Anormal&#8221; cms_custom_headding_type=&#8221;heading-borderleft-textbold&#8221; css=&#8221;.vc_custom_1764252848986{margin-bottom: 0px !important;}&#8221;][/vc_column][vc_column width=&#8221;1/2&#8243;][/vc_column][/vc_row][vc_row el_class=&#8221;p-140-cont pb-0&#8243; css=&#8221;.vc_custom_1440603786345{margin-bottom: 100px !important;background-color: #ffffff !important;}&#8221;][vc_column][vc_empty_space height=&#8221;15px&#8221;][vc_row_inner equal_height=&#8221;yes&#8221; content_placement=&#8221;middle&#8221; cms_row_inner_overflow=&#8221;&#8221;][vc_column_inner width=&#8221;1/4&#8243;][vc_single_image image=&#8221;9209&#8243; img_size=&#8221;full&#8221; alignment=&#8221;center&#8221; vc_none_hover_effect=&#8221;&#8221;][vc_empty_space height=&#8221;15px&#8221;][vc_empty_space height=&#8221;30px&#8221;][/vc_column_inner][vc_column_inner width=&#8221;1/12&#8243; offset=&#8221;vc_hidden-xs&#8221;][/vc_column_inner][vc_column_inner width=&#8221;2/3&#8243;][vc_column_text]Carlos Vázquez Sierra é doutor en Física Nuclear e de Partículas pola Universidade de Santiago de Compostela (USC). Despois de defender a súa tese en decembro de 2016, traballou no Instituto Holandés de Física Subatómica (NIKHEF, Ámsterdam) e na Organización Europea para a Investigación Nuclear (CERN, Xenebra), regresando posteriormente á USC como investigador María Zambrano.​</p>
<p>Incorporado como investigador Ramón y Cajal á Universidade da Coruña, a súa investigación céntrase na realización de medidas relacionadas co bosón de Higgs, así como na procura directa de materia escura e de posibles candidatos a nova física no experimento LHCb do CERN, do que forma parte desde 2012.​[/vc_column_text][/vc_column_inner][vc_column_inner][vc_empty_space height=&#8221;15px&#8221;][/vc_column_inner][/vc_row_inner][/vc_column][/vc_row][vc_row row_mask_bg=&#8221;&#8221; row_arrow=&#8221;&#8221; css=&#8221;.vc_custom_1494861130580{background-color: #f4f4f4 !important;}&#8221;][vc_column][vc_empty_space height=&#8221;15px&#8221;][vc_empty_space height=&#8221;15px&#8221;][vc_row_inner][vc_column_inner width=&#8221;1/2&#8243;][vc_custom_heading text=&#8221;Proxecto&#8221; font_container=&#8221;tag:h3|font_size:35px|text_align:left|line_height:1&#8243; google_fonts=&#8221;font_family:Lato%3A100%2C100italic%2C300%2C300italic%2Cregular%2Citalic%2C700%2C700italic%2C900%2C900italic|font_style:300%20light%20regular%3A300%3Anormal&#8221; cms_custom_headding_type=&#8221;heading-borderleft-textbold&#8221; css=&#8221;.vc_custom_1493987604000{margin-bottom: 0px !important;}&#8221;][vc_empty_space height=&#8221;15px&#8221;][/vc_column_inner][vc_column_inner width=&#8221;1/2&#8243;][/vc_column_inner][vc_column_inner][vc_column_text]Coordinou diversos grupos de traballo dentro e fóra de LHCb, tanto en física de partículas como en tarefas computacionais, e actualmente é tamén o coordinador adxunto de física dun novo detector que se construirá no CERN nos próximos anos, CODEX-b, destinado á procura de partículas de vida moi longa. Desde outubro de 2025, é tamén o director do panel de oradores do experimento LHCb, coa responsabilidade de supervisar e coordinar todas as presentacións públicas dos resultados do experimento, tanto en conferencias de alto nivel como en obradoiros internacionais.​[/vc_column_text][/vc_column_inner][/vc_row_inner][vc_empty_space height=&#8221;15px&#8221;][vc_empty_space height=&#8221;15px&#8221;][/vc_column][/vc_row][vc_row][vc_column][vc_empty_space height=&#8221;35px&#8221;][/vc_column][/vc_row]</p>

<p>[vc_row row_mask_bg=&#8221;&#8221; row_arrow=&#8221;&#8221; el_class=&#8221;p-140-cont pb-0&#8243; css=&#8221;.vc_custom_1494861745759{margin-top: 0px !important;margin-bottom: 0px !important;}&#8221;][vc_column width=&#8221;1/2&#8243;][vc_custom_heading text=&#8221;Carlos Vázquez Sierra&#8221; font_container=&#8221;tag:h2|font_size:45px|text_align:left|line_height:1&#8243; google_fonts=&#8221;font_family:Lato%3A100%2C100italic%2C300%2C300italic%2Cregular%2Citalic%2C700%2C700italic%2C900%2C900italic|font_style:300%20light%20regular%3A300%3Anormal&#8221; cms_custom_headding_type=&#8221;heading-borderleft-textbold&#8221; css=&#8221;.vc_custom_1764252848986{margin-bottom: 0px !important;}&#8221;][/vc_column][vc_column width=&#8221;1/2&#8243;][/vc_column][/vc_row][vc_row el_class=&#8221;p-140-cont pb-0&#8243; css=&#8221;.vc_custom_1440603786345{margin-bottom: 100px</p>
